 132 = y. List the prime factors of y.
2, 11
Suppose 0 = -4*g + 7*g - 15. Suppose -2*k + 361 = -g*n, 3*k + 3*n + 0*n - 489 = 0. What are the prime factors of k?
2, 3, 7
Suppose -4*m = 2*z - 96, 3*z - 12 = -5*m + 137. Suppose -1 = -l + 1. Suppose -l*o + 8 + z = 0. List the prime factors of o.
3, 11
Let f(i) = -6*i + 126 - 126. Let n be f(-2). Let b = n - -19. List the prime factors of b.
31
Suppose 8 = -6*q - 10. What are the prime factors of 2/((-6)/q - 0)*122?
2, 61
Let n(j) = -j**3 + j**2 - 6*j + 4. Let c be n(6). Let f be c/(-6) + 8/(-24). Let v = f - 0. List the prime factors of v.
5, 7
Suppose f + 3*x = -2*f, f + 5*x = -8. Let d(t) = 6*t - 16 - t + f + 0. List the prime factors of d(8).
2, 13
Suppose k - f - 2328 = 0, -34*k - 2318 = -35*k - f. What are the prime factors of k?
23, 101
Let z(u) = -u**2 + 10*u + 8. Let d be z(11). Suppose -3*x = -5*a - 4*x - 4, -4*x - 16 = -2*a. Let c = a - d. What are the prime factors of c?
3
Suppose -12 = -2*j + 4*y, -2*j - 4 = -4*j - 4*y. Let n be 3/(-6) + 2/j. Suppose 5*r - 3*w - 117 - 28 = n, r - 27 = w. List the prime factors of r.
2
Let j(h) = -h**2 + 4*h + 8. Let o be j(6). List the prime factors of 356/(o + (-12)/(-2)).
2, 89
Let g = -29 + 41. Let y(j) = -j**2 + 18*j - 1. List the prime factors of y(g).
71
Suppose -5*f = n - 38, -4*n = -f + 8 + 8. Suppose 90 = f*p - 422. List the prime factors of p.
2
Suppose -z = -3, 8*z = 4*r + 6*z - 23690. What are the prime factors of r?
2, 1481
Let f(d) be the second derivative of -d**6/240 + d**5/20 + d**4/4 - d. Let j(a) be the third derivative of f(a). What are the prime factors of j(-3)?
3, 5
Let k = 9 - 5. Suppose 0 = -2*j - 4*s + 14, j + 9 = 3*j - s. Suppose -j*t + k*t = -17. What are the prime factors of t?
17
Let m(r) = -3 + 7*r**2 - 10*r**2 - 2*r**3 - 4*r - 1 + 3*r**3. List the prime factors of m(6).
2, 5
Let t(o) = -o**3 - 22*o**2 - 33*o - 27. What are the prime factors of t(-21)?
3, 5
Suppose -2*q = 2*r - 640, 990 = 25*r - 22*r - 3*q. What are the prime factors of r?
5, 13
List the prime factors of (-8230)/(-20) + (-2)/4.
3, 137
Let c(l) = l**3 + 16*l**2 - 18*l - 21. Let w be c(-17). Let r = -16 + -16. Let b = w - r. What are the prime factors of b?
2, 7
Let b(y) = y**2 - 2*y + 4. Let w be b(2). Suppose -186 = n - w*n. What are the prime factors of n?
2, 31
Let c(n) = n**2 - 10*n + 11. Suppose 2*s = 17 + 1. Let f be c(s). What are the prime factors of (-17 + 13)/(f/(-24))?
2, 3
Suppose -5*t - 10 = 20. Let f be (-141)/6 - 3/t. Let z = -9 - f. List the prime factors of z.
2, 7
What are the prime factors of (2/(-8))/(1/(-2852))?
23, 31
Suppose 3*q - 3*t = -8*t + 1268, -5*q + 2102 = -3*t. What are the prime factors of q?
421
Let a be 0 - -1 - (-1 + 0). Let g(d) = -5*d + 2*d**a - 4*d**2 - 18 + d**2 + 2*d**2. List the prime factors of g(12).
2, 3, 11
Suppose 238 = 9*l + 4. Suppose -6*v = -146 + l. List the prime factors of v.
2, 5
Let i = -68 - -511. What are the prime factors of i?
443
Let b(q) = -q**2 + 10*q - 6. Let c be b(9). Let x be c/(-2)*(5 - 7). Let f(p) = 2*p**3 + p**2 - 3*p - 2. What are the prime factors of f(x)?
2, 13
Let p = -120 - -129. Suppose 11*r = p*r + 60. List the prime factors of r.
2, 3, 5
Let i = 2 + 4. Suppose -2*p = a + i, 8 = -2*p - 0*p. Suppose 5*u + 73 = x + 3*x, a*x - 2*u - 36 = 0. What are the prime factors of x?
17
Let j = 187 + -271. Let i = j - -149. List the prime factors of i.
5, 13
Suppose 2*x = b + 743 + 338, 4*x = -3*b + 2177. List the prime factors of x.
2, 271
Let x(y) = y**3 - y**2 + 2*y - 3. What are the prime factors of x(2)?
5
Let p(v) = 27*v + 13. Let n be p(6). Let u = n - 118. Suppose 4*m - m = u. What are the prime factors of m?
19
Suppose 0 = 2*k - k + 2. Let a(s) = 3*s**2 + s + 1. Let b be a(k). Suppose -4*c + 9 = -b. List the prime factors of c.
5
Suppose 7*w - 5208 = -49*w. List the prime factors of w.
3, 31
Let t(i) = i**2 - 13*i + 14. Let h be t(12). List the prime factors of 0 + 19 + -2 + h.
19
List the prime factors of (85/(-25) - -3) + (-41544)/(-60).
2, 173
Let c be (-4)/10*2*-10. Let q = c + -4. What are the prime factors of 45 + (7 - q) - -4?
2, 13
Suppose 0*v = -v + 106. Let p = -14 + v. List the prime factors of p.
2, 23
Let a(l) = 29*l**2 - 6*l + 5. Let y be a(4). Suppose y = 7*c - 59. Suppose -2*q = -c + 16. List the prime factors of q.
2, 7
Suppose 0 = -0*o + 2*o - 12. Let d(g) = g**3 + 3. Let l be d(0). List the prime factors of (0 - 3) + o + l.
2, 3
Let b = -21 - -24. Suppose -t + 10 = b*y + y, 0 = -5*t - 4*y - 14. Let v = 10 + t. List the prime factors of v.
2
Let a(k) = 120*k - 48. List the prime factors of a(7).
2, 3, 11
Suppose -4*f + 0 + 16 = 0. Suppose -14 = -2*y - g + 5, 4 = -f*g. List the prime factors of y.
2, 5
Suppose -2*c + 1033 = 31. What are the prime factors of c?
3, 167
Suppose -3*r + 2*r - 3*t = -17, -13 = -r - 2*t. Suppose 3*j - 819 = -5*s, 0 = s + 2*j - r*j - 171. What are the prime factors of s?
3, 5, 11
Let i(a) = 2*a - 3 + 0 + 14. Let f be i(-9). Let d(t) = -t**3 - 6*t**2 + 6*t + 9. List the prime factors of d(f).
2
Let l = 271 - 184. Suppose 65 = 2*m - v, -l = -3*m + 4*v + v. List the prime factors of m.
2, 17
Let w = 30 + -28. Let a(y) = 7*y - 1 + 2*y**w - 2 - 6 + 2. List the prime factors of a(-7).
2, 3, 7
Suppose 0 = 24*b - 21*b - 9. Let p(n) = n**2 + 11*n + 8. Let v be p(-10). What are the prime factors of (-471)/(-9) - v/b?
53
Let i = 163 + -111. Let l(d) = -d**2 + 11*d + 2. Let c be l(4). Let t = i - c. List the prime factors of t.
2, 11
Let i(n) = 2*n + 2. Let h be i(1). Suppose -3*o + f = 9 - 26, -5*f = h*o - 29. List the prime factors of o.
2, 3
Let a(k) = 9*k + 8. Let h be a(13). Let g = h + -4. List the prime factors of g.
11
Suppose -4*i = -0*f + f + 160, -16 = 4*f. Let a = 89 + i. List the prime factors of a.
2, 5
Let k(t) be the third derivative of t**5/15 - t**4/12 - t**3/3 - 5*t**2. Let r be k(-4). List the prime factors of 6/9 + r/3.
2, 3
Suppose 3*u + 26*u - 522 = 0. What are the prime factors of u?
2, 3
Suppose 77*h = 81*h - 28. Let l = 110 + h. What are the prime factors of l?
3, 13
Suppose -7114 = 20*v - 43874. What are the prime factors of v?
2, 919
Suppose 3*i - 5*i + 5 = h, i + 5*h - 25 = 0. Let s = 2 + i. Suppose w = 3*w - 2*q - s, -5*w + q + 21 = 0. What are the prime factors of w?
5
List the prime factors of 56040/75 + (-1)/5.
3, 83
Suppose 0 = 13*u + 7*u - 43460. List the prime factors of u.
41, 53
Let i(c) = -6*c - 6 - 4*c - c. Suppose 69 = -18*v - 3. List the prime factors of i(v).
2, 19
Let q(z) = z**2. Let l(h) = -h**3 + 10*h**2 + 2*h + 2. Let w(u) = -l(u) + 3*q(u). What are the prime factors of w(8)?
2, 23
Let f(k) = 4*k**2 + 44*k - 23. What are the prime factors of f(-26)?
29, 53
Suppose 51*c - 4732 = 38*c. What are the prime factors of c?
2, 7, 13
Let u(y) = y**2 + 11*y - 15. Suppose 0 = 4*p - 2*p - 10, -2*p = -g - 4. Let o be u(g). Let v = o - 61. What are the prime factors of v?
2, 13
Let l be (-5 - -4)*1*(-8 - -3). Suppose -10*z = -l*z - 605. What are the prime factors of z?
11
List the prime factors of (-16)/56 + (-11850)/(-21).
2, 3, 47
Let l(w) = 8*w - 15. Let p be l(11). Let c = p - 68. List the prime factors of c.
5
Let g be 109/(-2*1/(-2))*2. Suppose -3*o + 2*v = -612, -10*v = -o - 14*v + g. List the prime factors of o.
2, 103
Suppose 0 = 4*w - 15417 - 1815. What are the prime factors of w?
2, 3, 359
Let r = -2526 - -4966. List the prime factors of r.
2, 5, 61
Let b = 215 - 141. Suppose 62 = c + 4*v, -c + 2*v + 0*v + b = 0. Suppose -2*z - 3*z = -c. List the prime factors of z.
2, 7
Let s(f) = 2*f**2 - 2*f - 20. Let m be s(-9). What are the prime factors of m/9 + (-6)/(-27)?
2, 3
Suppose 0 = 4*f - 3*k - 12, 4*f - 2*k - 16 = -0*k. What are the prime factors of ((-8)/f)/(-2 - 1820/(-915))?
2, 61
Suppose 5*q = -12*b + 11*b + 337, 1047 = 3*b + 3*q. List the prime factors of b.
2, 11
Suppose 3*g + 211 - 1108 = 0. List the prime factors of g.
13, 23
Let n be (0/(-3) + 0)/(-2). Let l be 10/(n + 1) + 0. Suppose 1 - l = -3*f. What are the prime factors of f?
3
Let m(z) = z**3 - 3*z**2 + 1. Let j be m(1). Let l be 8 - 8 - j*2. Suppose -l*n + 2 = -2. List the prime factors of n.
2
Suppose -14*c + 6*c = 0. Suppose c = -24*w + 25*w - 158. What are the prime factors of w?
2, 79
Let k be (-3 + 2)/((-2)/6). Suppose -k*o - 2*r = 3*r - 